 greatest common factor of 136 and m?
17
Let r(i) = 27*i - 103. Let o be r(18). Let b = o + -248. What is the greatest common factor of b and 5?
5
Let z be (-20544)/(-144)*9/2 + (1 - -5). What is the highest common divisor of 72 and z?
72
Let x be (-9 - 245/(-28)) + (-214)/8. Suppose -3*b - 23 = h + 74, -b + 3*h = 39. Let c = x - b. Calculate the highest common factor of c and 78.
6
Suppose -253*v + 91*v + 19096 = 179*v. What is the greatest common factor of v and 17332?
28
Suppose -5*i = 2*i - 63. Suppose -i*z + 170 = 35. What is the highest common factor of 75 and z?
15
Let k(q) = 49*q + 1. Let f be k(-3). Let s = 276 + f. Let z be (-58176)/(-2222) - (-1 - ((-144)/66 - -1)). What is the highest common factor of s and z?
26
Suppose -1822 = -4*n - 2*f, 3*n - 1799 = -5*f - 436. Calculate the highest common divisor of n and 48.
24
Suppose 0 = -42*k + 41*k + 20. Let x be (-1 + 2)*(7 - 2)*1. Calculate the highest common divisor of k and x.
5
Suppose 35*x + 348 = 93*x. What is the greatest common divisor of 7074 and x?
6
Let p(h) be the first derivative of 2*h**3/3 + 7*h**2 - 23*h - 50. Let v be p(8). What is the highest common factor of 62 and v?
31
Let m be 0/2 - (-86 + 1). Let g be (-1)/7 - (-3 - (-1566)/14). Let y = -75 - g. What is the greatest common divisor of y and m?
17
Let u = 45 + -41. Suppose -2*b = -4*d + 12, -5*d + 0*d = -3*b - 14. Let f be 2 + 11 + (3 - -2 - b). Calculate the greatest common divisor of u and f.
4
Let i be 4 - (-45 - (5 - 5)). Suppose 0 = -t - 5*z + i, t + 4*z = -2 + 50. What is the greatest common factor of t and 11?
11
Let q = -46 - -47. Let l(k) = -4*k**3 + k**2 + k - 2. Let n be l(q). Let r be n/(-22) + (-600)/(-88). Calculate the greatest common divisor of 77 and r.
7
Let j be -2 - -6 - 1 - 51/17. Suppose j = 2*h - 1 - 97. Calculate the greatest common divisor of h and 7.
7
Let t(r) = 3*r + 48. Let x be t(-16). Suppose x = 64*s - 60*s - 324. Let k = 1 - -8. Calculate the highest common factor of k and s.
9
Suppose 4*i + 4 = 4*o, -o - 6*i = -i - 1. Let l(b) = 172*b**2 - 3*b - 1. Let n be l(o). What is the highest common divisor of 42 and n?
42
Let u be 9 - (-16)/(-24)*-564. Let r be (15/(-6)*-28)/2. Calculate the highest common divisor of u and r.
35
Let f = 31079 + -31073. Suppose -3*u - 9 = -3. Let v be u/(-6) - (-11)/3. What is the highest common divisor of v and f?
2
Suppose -1348*x = -3*v - 1345*x + 25350, 2*v = -2*x + 16884. Calculate the greatest common divisor of v and 492.
82
Suppose -49*d + 17*d + 480 = 0. What is the greatest common factor of d and 177?
3
Let a be ((-9548)/231)/(6/27*3/(-19)). What is the highest common divisor of 152 and a?
38
Let s(r) = r**3 - 7*r**2 - 52*r - 42. Let i be s(12). What is the greatest common divisor of i and 12960?
54
Let z be (12/144)/(3/1161)*(-896)/(-12). Calculate the greatest common factor of z and 56.
56
Let u = 308 - -226. Let l = u - 204. What is the greatest common factor of 30 and l?
30
Let t(b) = -b**3 + 12*b**2 + 8*b. Let i be t(7). Suppose 5*c + 304*r - 299*r - 210 = 0, 4*r - 39 = -c. What is the greatest common factor of i and c?
43
Let f = -430 + 810. What is the highest common factor of 40 and f?
20
Let v be 16/(240/93)*(3 + 2). Calculate the greatest common factor of 3875 and v.
31
Let z be 12*(-40)/(-2880) + 1 + 9166/12. Calculate the highest common divisor of 180 and z.
45
Let l be (4/8)/(3/30). Suppose 0 = -l*m + 5*y + 25, -4*m + y = -9*m + 49. Let a be 3/1 - (-8 - -2). What is the greatest common divisor of a and m?
9
Suppose 7*d = 4*x + 64824, -78*d - 4*x = -80*d + 18544. What is the highest common factor of d and 890?
178
Let h = 1320 - 1245. Let b be ((-105)/(-20))/(3/(-8)). Let t = 16 - b. Calculate the greatest common divisor of h and t.
15
Suppose 22*s + 0*s - 181 + 93 = 0. Let k = -71 + 171. Calculate the greatest common factor of s and k.
4
Suppose -c + 140 = 4*v, v - 530 = -3*c - c. Let o = 1353 - 1341. What is the highest common divisor of o and c?
12
Let y = 15 + -7. Let b(m) = m**2 + 21*m + 28. Let s be b(-26). Let a = -156 + s. Calculate the highest common factor of y and a.
2
Let t be (-24)/(-1 - 1)*1. Let u = -140226 - -140412. What is the greatest common factor of t and u?
6
Let n be 12/20 - 1725/150*3676/(-10). Calculate the highest common divisor of n and 28.
28
Suppose 62 = 11*n - 48. Suppose 0 = -n*w + 4*w + 114. Suppose 5*m - 1 = w, -184 = -5*g - m. Calculate the highest common factor of g and 84.
12
Let g(p) = 27*p**3 - 15*p**2 + 15*p - 1. Let s be g(1). Let m(d) = d + 26. Let w be m(0). Calculate the highest common factor of s and w.
26
Suppose -461*g = -462*g + 266. Suppose p = -18*p + g. Let s(w) = 3*w**2 - 4*w + 3. Let i be s(-5). What is the greatest common factor of i and p?
14
Let k be (-92757)/(-9) + (-92)/69 + (-1 - -4). What is the highest common divisor of 24 and k?
12
Let l = -7842 - -7851. Suppose 8*b = 4*b + 192. Calculate the highest common factor of b and l.
3
Let j be 6 + (6 + 442 - -5). What is the greatest common factor of j and 612?
153
Let z be (1 + -12)*-5*2. Let c(p) = p - 23. Let u be c(24). Let m be (u - 11/9) + 184/18. What is the highest common divisor of z and m?
10
Suppose -47*z = 93*z - 4480. What is the greatest common divisor of 2768 and z?
16
Suppose -1297*p + 1243*p = -594. What is the greatest common factor of 35563 and p?
11
Suppose 10*g - 8653 = 4667. Suppose 0 = -94*w + 88*w + g. Calculate the highest common divisor of w and 148.
74
Suppose 0 = o + 2, 2*s = 5*s - 3*o - 240. Let p = -76 + s. Suppose 0 = 8*f - 9*f + p. Calculate the highest common divisor of 3 and f.
1
Let k be (-126)/(-7) + (-8 - -17). What is the greatest common divisor of k and 63?
9
Let o = -303 + 65. Let z = -236 - o. Calculate the greatest common factor of 176 and z.
2
Suppose 18*p + 0*p = 2304. Suppose 2080 = 2*v + 24*v. What is the highest common factor of p and v?
16
Let r(j) = -j**2 - 9*j + 9. Let y be 27*1*26/(-78). Let w be r(y). Let n be 315/w - (-1 - 0). Calculate the highest common divisor of n and 180.
36
Suppose y - 2*t - 1461 = -4*y, 0 = -5*t - 15. Let r = -255 + y. What is the greatest common factor of 36 and r?
36
Let z be 856/10 - (-84)/(-140). Calculate the greatest common divisor of 2958 and z.
17
Let d be (-3)/(-23 - -2) + 45443/203. What is the highest common factor of 1280 and d?
32
Suppose -14*v + 248 + 872 = 0. What is the greatest common divisor of v and 56?
8
Let g(d) = -2*d**2 - 978*d + 7070. Let c be g(7). Suppose 0 = 5*v + 24 - 234. Calculate the highest common factor of c and v.
42
Suppose 4*b - 108 = -2*h, -13*h - b - 57 = -14*h. What is the greatest common divisor of h and 63?
7
Suppose 2*o - 4*r - 43 = 1129, 0 = 4*o - 5*r - 2332. Let p = -15140 + 15174. Calculate the highest common divisor of p and o.
34
Let g(r) = 6*r - 45. Suppose -10*x = 24*x - 272. Let f be g(x). What is the greatest common divisor of f and 7?
1
Let l be (-6)/2*(1/(-4))/((-3)/(-68)). Calculate the greatest common divisor of l and 17221.
17
Let r = 2478 - 2414. Calculate the greatest common factor of r and 1888.
32
Suppose 0 = 9*h + 292 + 536. Suppose l + 2*m - 90 = 0, 0 = 2*l + 3*l - 5*m - 495. Let x = h + l. Calculate the highest common factor of 8 and x.
4
Let w be ((-4)/(-1) - (-10 + 2 - -11)) + 12735. Calculate the highest common factor of w and 8.
8
Let b(w) = -2*w**2 + 66*w + 36. Let r be b(16). What is the highest common divisor of 60 and r?
20
Let q(a) = 2*a + 34. Let z be q(0). Let r be (z/6 + -6)*6/(-1). Let b be 91*(r - 3 - -2). Calculate the greatest common divisor of b and 13.
13
Let j(k) = -10*k + 23. Let d(h) = -20*h + 44. Let a(b) = -2*d(b) + 5*j(b). Let l be a(2). What is the greatest common divisor of 133 and l?
7
Suppose -31*g - 33*g = -81*g + 62662. What is the highest common divisor of g and 114?
38
Let i = -9190 - -11070. Calculate the greatest common divisor of i and 8.
8
Let s = 94 - 14. Let b(x) = -12*x + 120. Suppose 324 - 349 = -5*f. Let n be b(f). Calculate the highest common factor of n and s.
20
Let r be (-135)/(-4)*48/(-18). Let n(b) = b**2 + 10*b + 32. Let c be n(-16). Let p = c + r. Calculate the highest common divisor of 57 and p.
19
Suppose 19*a - 103509 = -42*a - 156*a. Calculate the highest common divisor of a and 216.
9
Let c(n) = n**3 - 16*n**2 - 93*n - 135. Let u be c(21). S